Does 10 divide 1489?
False
Is 4 a factor of 2724?
True
Is 16660 a multiple of 60?
False
Is 97 a factor of 7587?
False
Is 9 a factor of 990?
True
Is 90 a multiple of 4?
False
Is 22839 a multiple of 3?
True
Is 56 a factor of 11816?
True
Is 1854 a multiple of 52?
False
Does 8 divide 97?
False
Is 48 a factor of 1146?
False
Is 1031 a multiple of 13?
False
Is 151 a factor of 2150?
False
Is 1155 a multiple of 15?
True
Is 831 a multiple of 67?
False
Is 16 a factor of 1840?
True
Is 147 a multiple of 15?
False
Is 19 a factor of 8274?
False
Is 74 a factor of 3183?
False
Is 45 a factor of 1208?
False
Is 731 a multiple of 43?
True
Is 27 a factor of 6808?
False
Is 163 a factor of 53046?
False
Is 39 a factor of 106899?
True
Is 39 a factor of 741?
True
Is 288 a multiple of 36?
True
Does 4 divide 356?
True
Is 3379 a multiple of 83?
False
Is 31 a factor of 465?
True
Is 74 a multiple of 10?
False
Is 387 a multiple of 4?
False
Is 6974 a multiple of 8?
False
Does 21 divide 2071?
False
Is 1706 a multiple of 3?
False
Is 16 a factor of 14947?
False
Is 5 a factor of 71?
False
Is 54 a multiple of 7?
False
Is 12 a factor of 18087?
False
Is 6 a factor of 341?
False
Does 16 divide 32320?
True
Is 331 a factor of 38955?
False
Does 4 divide 248?
True
Is 89 a multiple of 6?
False
Does 16 divide 911?
False
Does 6 divide 1577?
False
Is 21 a factor of 101?
False
Is 72 a multiple of 18?
True
Is 62968 a multiple of 5?
False
Does 52 divide 572?
True
Does 32 divide 1088?
True
Is 13465 a multiple of 84?
False
Is 9622 a multiple of 34?
True
Does 85 divide 78540?
True
Is 2405 a multiple of 191?
False
Is 29 a factor of 122?
False
Does 18 divide 1686?
False
Does 47 divide 1362?
False
Is 2566 a multiple of 10?
False
Is 107 a factor of 20468?
False
Is 12644 a multiple of 58?
True
Is 7 a factor of 1029?
True
Is 18906 a multiple of 7?
False
Is 719 a multiple of 21?
False
Is 677 a multiple of 29?
False
Does 46 divide 33140?
False
Is 2 a factor of 1029?
False
Is 7028 a multiple of 14?
True
Does 90 divide 4140?
True
Does 19 divide 836?
True
Does 38 divide 2685?
False
Is 6 a factor of 12787?
False
Does 90 divide 15840?
True
Is 3 a factor of 54?
True
Is 48 a factor of 786?
False
Is 1681 a multiple of 16?
False
Is 70 a factor of 901?
False
Does 22 divide 17644?
True
Does 11 divide 1236?
False
Does 27 divide 891?
True
Is 71 a factor of 212?
False
Is 12 a factor of 176?
False
Is 156 a multiple of 26?
True
Is 792 a multiple of 44?
True
Is 15 a factor of 5610?
True
Does 228 divide 45138?
False
Is 31 a factor of 9248?
False
Does 8 divide 12258?
False
Does 57 divide 5402?
False
Does 5 divide 3121?
False
Does 31 divide 2428?
False
Does 23 divide 565?
False
Does 29 divide 174?
True
Is 36 a factor of 47223?
False
Does 62 divide 3472?
True
Does 36 divide 720?
True
Is 7 a factor of 784?
True
Is 109 a factor of 12753?
True
Does 138 divide 32383?
False
Does 70 divide 1222?
False
Does 61 divide 39184?
False
Is 42 a factor of 714?
True
Does 7 divide 6160?
True
Is 29 a factor of 2872?
False
Is 12 a multiple of 6?
True
Is 13 a factor of 49699?
True
Is 191 a factor of 17878?
False
Is 65 a factor of 3185?
True
Is 36 a multiple of 12?
True
Is 65 a factor of 2600?
True
Is 45124 a multiple of 114?
False
Is 40148 a multiple of 12?
False
Is 71 a multiple of 37?
False
Does 50 divide 17738?
False
Does 35 divide 637?
False
Is 4194 a multiple of 32?
False
Does 8 divide 11810?
False
Is 3315 a multiple of 84?
False
Does 28 divide 4872?
True
Is 7 a factor of 8484?
True
Is 7 a factor of 689?
False
Is 45 a factor of 113560?
False
Does 222 divide 25482?
False
Does 35 divide 175?
True
Does 49 divide 5488?
True
Is 107 a factor of 1470?
False
Is 24 a factor of 119?
False
Is 7095 a multiple of 181?
False
Is 9595 a multiple of 2?
False
Does 12 divide 4356?
True
Is 4009 a multiple of 5?
False
Is 89 a factor of 1513?
True
Is 2 a factor of 176?
True
Is 14 a factor of 6512?
False
Is 6426 a multiple of 46?
False
Is 7000 a multiple of 28?
True
Is 16 a factor of 15934?
False
Is 5 a factor of 2543?
False
Is 12 a factor of 4328?
False
Is 25 a factor of 1525?
True
Is 51 even?
False
Is 7 a factor of 1357?
False
Is 61248 a multiple of 24?
True
Does 8 divide 672?
True
Does 8 divide 1632?
True
Is 13 a factor of 8522?
False
Is 5143 a multiple of 37?
True
Is 23 a factor of 907?
False
Does 9 divide 2048?
False
Is 41 a factor of 606?
False
Does 13 divide 134?
False
Does 26 divide 4166?
False
Is 52982 a multiple of 34?
False
Does 6 divide 4381?
False
Is 36 a factor of 53064?
True
Does 45 divide 3150?
True
Is 3431 a multiple of 22?
False
Is 1170 a multiple of 18?
True
Is 13 a factor of 13533?
True
Is 14 a factor of 4410?
True
Does 241 divide 74401?
False
Is 3327 a multiple of 14?
False
Does 12 divide 20832?
True
Is 563 a multiple of 3?
False
Is 27488 a multiple of 43?
False
Is 95800 a multiple of 50?
True
Is 1645 a multiple of 5?
True
Is 21 a factor of 779?
False
Is 23 a factor of 42?
False
Does 106 divide 24698?
True
Is 46 a factor of 9890?
True
Does 9 divide 25796?
False
Is 2166 a multiple of 25?
False
Is 3945 a multiple of 170?
False
Does 19 divide 2128?
True
Is 240 a multiple of 12?
True
Is 75484 a multiple of 25?
False
Is 288 a multiple of 3?
True
Does 105 divide 3150?
True
Is 1023 a multiple of 61?
False
Is 52 a multiple of 13?
True
Does 155 divide 13795?
True
Is 1045 a multiple of 55?
True
Does 55 divide 550?
True
Is 7975 a multiple of 16?
False
Is 15 a factor of 1965?
True
Is 10 a factor of 720?
True
Is 29 a factor of 994?
False
Does 28 divide 6292?
False
Is 119 a factor of 238?
True
Is 12 a factor of 360?
True
Is 13 a factor of 19517?
False
Is 1224 a multiple of 17?
True
Is 2 a factor of 49?
False
Does 60 divide 51835?
False
Is 22074 a multiple of 32?
False
Does 13 divide 1800?
False
Is 8 a factor of 6555?
False
Is 3419 a multiple of 43?
False
Is 7 a factor of 231?
True
Is 60 a factor of 38161?
False
Is 41 a factor of 43419?
True
Is 14 a factor of 2828?
True
Is 20 a factor of 400?
True
Is 32 a factor of 140411?
False
Is 25408 a multiple of 15?
False
Is 2077 a multiple of 29?
False
Is 37 a factor of 3769?
False
Is 4 a factor of 116?
True
Is 59 a factor of 44640?
False
Does 39 divide 2644?
False
Does 10 divide 290?
True
Is 96 a multiple of 13?
False
Is 10 a factor of 22108?
False
Is 117 a factor of 42328?
False
Is 97 a factor of 4947?
True
Is 144 a factor of 10970?
False
Is 48 a factor of 130?
False
Is 20 a multiple of 6?
False
Does 15 divide 7575?
True
Is 9400 a multiple of 235?
True
Does 47 divide 1323?
False
Is 123 a multiple of 11?
False
Does 55 divide 959?
False
Does 30 divide 319?
False
Does 147 divide 30466?
False
Is 228 a factor of 912?
True
Is 86310 a multiple of 143?
False
Is 814 a multiple of 69?
False
Does 4 divide 1984?
True
Is 29 a factor of 10556?
True
Is 7812 a multiple of 129?
False
Is 199 a factor of 199?
True
Is 213 a multiple of 56?
False
Does 25 divide 1542?
False
Is 96096 a multiple of 156?
True
Is 5 a factor of 1740?
True
Is 18 a factor of 32652?
True
Is 67 a factor of 2619?
False
Is 1158 a multiple of 8?
False
Is 11 a factor of 2409?
True
Does 10 divide 58139?
False
Does 23 divide 2343?
False
Is 1128 a multiple of 12?
True
Is 10 a factor of 686?
False
Is 46 a factor of 1334?
True
Does 10 divide 45510?
True
Is 24 a factor of 952?
False
Is 14 a factor of 40?
False
Is 51 a factor of 2854?
False
Is 29 a factor of 783?
True
Does 137 divide 2192?
True
Is 28 a factor of 13050?
False
Is 21 a factor of 903?
True
Is 50 a factor of 55354?
False
Does 22 divide 31203?
False
Is 43 a factor of 2150?
True
Is 17028 a multiple of 12?
True
Does 98 divide 986?
False
Is 4 a factor of 2414?
False
Is 360 a multiple of 25?
False
Does 14 divide 141?
False
Is 12 a multiple of 10?
False
Is 1994 a multiple of 39?
False
Is 27 a factor of 1971?
True
Does 6 divide 8628?
True
Does 19 divide 22192?
True
Is 12 a factor of 21391?
False
Does 24 divide 26335?
False
Is 13 a factor of 390?
True
Is 67 a factor of 23152?
False
Does 30 divide 1740?
True
Is 8 a factor of 32128?
True
Is 23 a factor of 158?
False
Does 3 divide 720?
True
Is 316 a multiple of 26?
False
Is 42563 a multiple of 31?
True
Does 139 divide 11874?
False
Does 19 divide 672?
False
Does 12 divide 1234?
False
Does 11 divide 56562?
True
Is 21 a factor of 2814?
True
Is 8736 a multiple of 220?
Fal